5*u. Let a(n) = -6*n + 9. Let v(m) = -8*m + 8. Let j(i) = u*a(i) + 2*v(i). Let z = 2 - -7. What is j(z)?
7
Let g = 23141 - 23135. Let u(s) = s**2 + s - 32. Determine u(g).
10
Let m(b) = -b**3 - 9*b**2 - 6*b + 26. Let s = -5835 + 5827. Calculate m(s).
10
Let x be -1*(245/(-85) + 6/(-51)). Suppose -2*d = -w + x*d - 28, 45 = -2*w - d. Let f = 17 + w. Let s(y) = y**3 + 5*y**2 - 5*y + 7. What is s(f)?
1
Let z(s) = 13*s - 5. Let d(g) = 53 - 2*g + g - 51 - 5*g. Let m(l) = -7*d(l) - 3*z(l). Suppose 5*f - 4 = c + 7, c - 3*f = -5. What is m(c)?
13
Let w(j) = -j**2 + 3. Let r be (-592)/111*3/4. Calculate w(r).
-13
Suppose 0 = 2*w - 4, 226*w = 3*c + 224*w + 10. Let o(x) = -2*x**2 - 4*x - 7. Calculate o(c).
-7
Let w(m) = -61*m + 46. Let d(k) = 411*k - 324. Let v(g) = -4*d(g) - 27*w(g). Determine v(-17).
3
Let m(k) = -k**2 - 5*k + 2. Let v be m(-2). Suppose f + 12 = 4*w, -3*w - v = -4*f - w. Let x(a) = 4*a - a + 0*a + 0 - f. Calculate x(5).
11
Let p(q) = 32*q + 21. Let c(t) = -68*t - 44. Let l(y) = 4*c(y) + 9*p(y). Give l(0).
13
Let h(s) = -8*s**2 + 2*s + 1. Let q(y) = -17*y**2 + 10*y + 6. Let i(n) = 2*h(n) - q(n). Give i(-4).
36
Let q(z) = -9*z**3 - 26*z**2 - 7*z - 33. Let c(k) = 8*k**3 + 24*k**2 + 7*k + 28. Let y(r) = -7*c(r) - 6*q(r). Calculate y(-5).
-13
Let q(w) = -3*w**3 + w**2 + 3*w + 2. Suppose -4*x - 17 = -53. Let m(d) = -12*d**3 + 4*d**2 + 13*d + 9. Let b(z) = x*q(z) - 2*m(z). What is b(-1)?
3
Let w(l) = -l**2 + 8*l + 1. Suppose -8*s + 3 + 13 = 0. Let f(u) = 5*u + 3. Let t be f(s). Suppose 0 = t*v - 15*v + 16. Give w(v).
1
Let t = -15732 + 15733. Let k(h) = 173*h**2 + 1. What is k(t)?
174
Let r(v) = -8*v**3 - v. Let m be 2/(-8) + 0 + (-7)/(-28). Suppose 4*y - 2*a - 22 = m, 6*y = 3*y + 5*a + 13. Suppose y*z - 5*z + 1 = 0. Determine r(z).
9
Let w = 339 - 336. Let u(l) = -1129*l + w - 8 + 1125*l. What is u(2)?
-13
Suppose -5*x + 4*n = -18619, n - 3*n = 5*x - 18643. Let p(s) = x*s - 15 + 4 - 3726*s. Determine p(5).
-6
Suppose 2*m + 7*m - 5*m - m = 0. Let g(r) = -r**2 - 7*r - 5. Determine g(m).
-5
Let k = -127 - -133. Suppose 5*t + 0*t = k*h - 25, 20 = 4*h. Let z(j) = -3*j**3 + j**2 + 2*j - 2. Give z(t).
-2
Let a(x) = 18*x - 16. Let d(c) = -27*c + 19. Let w(r) = -7*a(r) - 5*d(r). What is w(7)?
80
Suppose 73 = -2*h + 38 + 43. Let r(i) = -i**3 + 19*i - 3. What is r(h)?
9
Let m(p) = -7*p**3 + 3*p**2 + 11*p - 11. Let r(d) = 3*d**3 + d**2 + 2*d. Let v(q) = -m(q) - 2*r(q). Determine v(7).
4
Let k(u) be the first derivative of -17*u**2/2 + 39*u + 6899. Calculate k(4).
-29
Let r(v) be the second derivative of 0 + 8*v + 7/120*v**6 + 0*v**4 + 0*v**5 + 25/2*v**2 - 1/6*v**3. Let o(a) be the first derivative of r(a). Determine o(1).
6
Let a = 21217 + -21211. Let t(n) = -n**3 + 7*n**2 - 14*n - 3. Give t(a).
-51
Let l = -51 - -49. Let y be (1*(-5)/(-15))/(l/12). Let o(i) = -i**2 - 2*i - 1. Let g be o(y). Let k(z) = -z + 1. Give k(g).
2
Let l = -200 - -204. Let j(s) = -13*s**2 - 3*s**3 - 4*s - 3*s + l*s**3 + 6*s + 10. Determine j(13).
-3
Let m = -16 - -10. Let o(j) = -4*j**2 + 9727832*j - 8 + 3*j**2 + 0*j**2 - 9727841*j. Calculate o(m).
10
Let a(v) = -5*v + 22. Let k(t) = t**3 + 6*t**2 + 59*t + 457. Let i be k(-7). Give a(i).
47
Let x(y) = 4*y**2 - 11*y + 9. Suppose 6*v = 126 - 132. Let m(q) = -q**2. Let d(n) = v*x(n) - 3*m(n). Determine d(10).
1
Let d(a) = -a**2 + 1216 - a - 15*a - 1211. Let t be 20/3*72/(-30). Give d(t).
5
Let k(y) = 5*y - 9. Suppose 2 = 2*a - 2. Let w be k(a). Let i(f) be the first derivative of 7*f**2 - f - 19. Give i(w).
13
Let a(k) be the first derivative of k**3/3 + 7*k**2/2 + 10*k + 1453. Give a(7).
108
Let p(l) = l**2 + 2*l - 17. Suppose -7*k = -45 + 892. Let x = 116 + k. Calculate p(x).
-2
Suppose 11*o = o + 20. Let y(f) be the first derivative of -f**2/2 - 2*f - 52. What is y(o)?
-4
Let q = 2 - 8. Let m(c) = -7*c**3 + c**2 + 7*c - 13. Suppose -4*g = 7 - 31. Let k(d) = -6*d**3 + 7*d - 12. Let x(a) = g*k(a) - 5*m(a). What is x(q)?
-13
Let l(j) = -15*j + 855 - 420 - 2*j**2 - 425 + j**2. What is l(-16)?
-6
Suppose -21*j + 247 - 58 = 0. Suppose 13*f + 14 = j*f - 2*d, 4*f = 5*d - 21. Let t(p) = p - 1. What is t(f)?
-5
Let m = -251 - -251. Suppose m = o - 96 + 96. Let r(k) be the second derivative of -k**4/12 - k**3/6 - 3*k**2/2 + 4*k. What is r(o)?
-3
Let p(s) = -7*s**2 + 17*s - 9. Let g(l) = -3*l**2 + 8*l - 4. Let w(x) = -5*g(x) + 2*p(x). Calculate w(11).
57
Let l be (152/10)/(-10*(-10)/250). Let a(i) = l*i - 2 + 2 - 41*i. Calculate a(4).
-12
Suppose 7*g = g + 36. Suppose k = -k + g. Let j(h) = -h - h**k - 4 - 6*h**2 - h + 8 - 2*h. What is j(-5)?
-1
Let w(j) = -5*j - 62. Let k be w(-11). Let u(f) = 5*f**2 - 2*f - 2. Let s(z) = -3*z**2 + z + 1. Let l(a) = k*s(a) - 4*u(a). Give l(2).
7
Let x(z) = 702 - 680 - z**2 + 4*z - 4*z - 12*z + z. Determine x(-15).
-38
Let l be 2 + (1 + 1 - 1). Suppose l + 3 = 3*g. Let i(t) = -265*t + 26. Let n(u) = -575*u + 56. Let c(q) = -13*i(q) + 6*n(q). Calculate c(g).
-12
Let j(h) = h**2 + h + 8. Let b(d) be the second derivative of 6*d**2 + 16*d + 0 - 2/3*d**3. Let v be b(3). Determine j(v).
8
Let s be (27/(-18))/(2/(-12)). Let h = s + -7. Let d(o) = 2*o + 2*o + 4 - o**3 - 10 + 2*o**h + 7. What is d(3)?
4
Let s = 3842 + -3846. Let y(w) = 4*w + 34. Give y(s).
18
Let a(g) = -3*g + 2. Suppose 0 = -7*d + 2*d + 2*z + 3030, 4*d - 2424 = 5*z. Let v = -599 + d. Calculate a(v).
-19
Let w = -29 + 41. Suppose 14*b - w*b - 2 = 0. Let p(v) = 8*v**3 + v**2 - 6*v**2 + v + 3*v**2. Determine p(b).
7
Let d be ((-36)/(-54))/(1/3). Suppose -l + 4*q = d*l + 21, -5*l = 4*q + 35. Let t(u) = -u**3 - 7*u**2 + 6. Determine t(l).
6
Let u(y) = -17*y + 100. Let q(c) = 2. Let o(n) = 6*q(n) + u(n). Determine o(7).
-7
Let o(v) = v - 12. Let w(t) = -t + 16. Let g(f) = -2*f + 49. Let u(i) = 6*g(i) - 17*w(i). Let m be u(-4). Let j be ((-10)/(-7))/((2/7)/m). What is o(j)?
-2
Let b = 168 + -165. Suppose -b*y - 26 = o, 1 + 0 = 2*y - 3*o. Let u(t) = -t**3 - 8*t**2 - 6*t + 5. What is u(y)?
-2
Let w(p) be the second derivative of p**4/12 - p**3/3 - p**2 - 1821*p. Determine w(-4).
22
Let h(l) = 2*l**3 + 125*l**2 - 63*l + 13. Let x be h(-63). Let p(f) be the first derivative of f**3/3 - 6*f**2 - 11*f - 1. Give p(x).
2
Let k(z) be the second derivative of 11*z + 1/2*z**3 + 1/12*z**4 + z**2 - 2. Let w = 1 - 4. Determine k(w).
2
Let h(b) = b**3 - 7*b**2 + 5*b - 4. Let s be (-12*12/(-16))/((-3)/(-15)*15). Calculate h(s).
-25
Let z(d) = -6*d**2 - d + 1. Let c(q) = -6*q - 45. Let u be c(-8). Let y(f) = -6*f**2 - f**2 + 2 - 3*f + u*f - f. Let a(j) = 5*y(j) - 6*z(j). Determine a(0).
4
Let j(u) be the third derivative of -u**6/120 + u**4/24 + u**3/6 + 9*u**2. Let m be (-420)/(-16) - 9/(-12). Let s = m + -28. What is j(s)?
1
Suppose -3*f - f = -3*r - 47, 0 = 2*f - 5*r - 27. Let p(q) be the first derivative of 11*q + 4*q**2 - f*q + 4*q - q**2 + 5. Determine p(-3).
-14
Let c(o) = -o**3 - 19*o**2 + 20*o + 4. Let s be c(-20). Let a(q) = 0*q + 6 + 2*q - s - q. Calculate a(7).
9
Let r(q) = -q**3 + 10*q**2 + 26*q + 6. Let t = 29673 - 29661. Give r(t).
30
Suppose 9*k + 126 = -2*k - 10*k. Let l(f) = 4*f - 5 - 5*f**2 - 5 - f**3 + 3. Give l(k).
5
Let m(x) = -3*x - 2907 + 0*x**2 + 2906 + 4*x**2 - x**2. Let q = -858 + 856. Determine m(q).
17
Let z = -15 + 21. Let h(b) be the first derivative of -b**5/120 + 5*b**4/24 + 4*b**3 + 2*b + 54. Let i(w) be the third derivative of h(w). Give i(z).
-1
Let z(c) = 79*c - 40 - 10 + 9 + 54*c - 141*c. Determine z(-3).
-17
Let l(x) = 5*x**3 - 3*x - 2. Let f(h) = -h**3 - 8*h**2 - 15*h - 217. Let u be f(-9). What is l(u)?
-4
Let c(d) = d**3 - 16*d**2 + 14*d - 16. Let v(w) = -w**3 + 29*w**2 + 94*w - 1905. Let t be v(30). Determine c(t).
-31
Let q = -17971 + 17973. Let z(u) = 6*u**2 - u - 4. What is z(q)?
18
Let k(p) = -3*p**3 - 4*p**2 - 2*p + 1. Let l be 2*-4*10/40. Determine k(l).
13
Suppose 8 = 3*r - 4. Suppose 30 = 70*g - 64*g. Let w(k) = 9*k**2 - 8 + 2*k**3 + 3*k + g - 14*k**2 - k**3. Give w(r).
-7
Let h(f) = -10*f + 71. Let v be h(7). Let s(m) = 8*m + 2. Let q(u) = -u. Let j(w) = v*s(w) + q(w). Determine j(-2).
-12
Let v(i) = -i**3 - i**2 - i - 1. Let t = 532 - 245. Suppose 0 = t*l - 282*l. Calculate v(l).
-1
Let t(m) = m + 7. Let v(i) = -2. Let q(l) = -2*t(l) - 10*v(l). Calculate q(24).
-42
Let p = 113 - 107. Suppose 5*c - 2*c = p. Let f(r)